6*h**3. Calculate f(-4).
3
Let g(j) = -2*j**2 + 1 + 8*j + j**2 - 5*j. Let a be g(4). Let o(t) = -t**3 - 3*t**2 - t - 1. Let k be o(a). Let f(z) = -z**3 + 5*z**2 - 4*z + 2. Determine f(k).
6
Let b = 17 - 13. Let f(s) = -s - 1. Determine f(b).
-5
Suppose s - 3 = -1. Suppose 0 = s*j - j - 2. Let g(d) = -3*d**2 - 3*d + 2 - d**2 + 5*d**2. Determine g(j).
0
Let f(u) = 9*u - 3*u + 2*u**2 + 4 - u**2. Let g(c) = 5*c**2 + 25*c + 17. Let v = -24 - -15. Let r(t) = v*f(t) + 2*g(t). Give r(5).
3
Suppose 4*g - 4 = 12. Suppose -g*v = 1 + 3. Let a(b) be the third derivative of -b**4/3 + 6*b**2. Determine a(v).
8
Let v(n) = -n. Let l(u) = -6*u**2 - 10*u - 3. Let z(d) = -l(d) + 6*v(d). Determine z(-2).
19
Let v = -3 + 11. Let c(o) = o**2 - 8*o + 4. What is c(v)?
4
Let t(o) = -o**3 + 7*o**2 - 6*o + 8. Let k(s) = -s**2 + 7*s - 1. Let d be k(6). Suppose 0 = -3*w + 13 + d. Determine t(w).
8
Let o(p) = 3*p**2 - 11*p + 16. Let l(w) = w**2 - 4*w + 5. Let x(y) = -7*l(y) + 2*o(y). Give x(4).
5
Let v(u) = 2*u**2 + u**2 + u**2 + u**3 + 4*u. Suppose 3*o + 21 = 12. Determine v(o).
-3
Let l(p) = p**3 + 5*p**2 + 4*p - 2. Let b(n) = 4*n**3 - n - 1. Let s be b(-1). Calculate l(s).
-2
Let u(l) = -l**3 - 3*l**2 - l + 2. Let j(f) = f - 2. Let k be j(0). Let h(c) = -c**3 - 3*c**2 - 2*c + 3. Let o(s) = k*h(s) + 3*u(s). What is o(-3)?
-3
Let j = -3 + 7. Suppose w = -2*a + 7, -j*a - 5 = -5*w + a. Suppose -8 = -c + w*c. Let i(o) = 2*o - 1. Determine i(c).
-9
Let d = 13 - 7. Let o = -1 + d. Suppose 0 = -o*n - 2 - 3. Let v(h) = 3*h**3. Determine v(n).
-3
Let v = 18 + -14. Let x(g) = g**3 - 3*g**2 - 3*g. Give x(v).
4
Let m(x) be the second derivative of x**4/6 - 4*x**3/3 - 3*x**2/2 - 2*x. Let r(z) = -3*z**2 + 15*z + 6. Let t(l) = 5*m(l) + 3*r(l). Calculate t(-5).
3
Let t(c) = c - 8. Let h(u) = -12*u**3 - 2*u**2 - u. Let a be h(-1). Let z = a + -5. Give t(z).
-2
Suppose 4*y = 2*y + 6. Suppose -t = y*t - 16. Let u(r) = 3*r - 7. Let n(p) = -2*p + 5. Let k(z) = -8*n(z) - 5*u(z). Determine k(t).
-1
Let j be 4/3*27/2. Suppose -4*h = -3*v + j, h = -v - 2*h + 6. Let d(s) = 3 - s - 1 - 1 + v*s. Calculate d(-1).
-4
Let n(z) be the third derivative of z**4/24 - 7*z**3/6 - 4*z**2. Calculate n(0).
-7
Let b(m) = m - 1. Let h(l) = 5*l - 10. Let r(s) = 4*s - 9. Let o(d) = 3*h(d) - 4*r(d). Let f be o(6). Calculate b(f).
-1
Let a(p) = 3*p**2 - 1 - 5*p**2 - p - p**2 + 4*p**2. What is a(-2)?
5
Let k(u) = -u**2 + 3*u + 12. Let g be k(5). Let m(i) = -3 + 0*i**2 - g*i**2 - 6*i - 4*i**2 + 5*i**2. Calculate m(-5).
2
Let o(d) = d**2 + 8*d + 7. Suppose 5*h + 4*n = -20 - 5, -n = -h - 5. What is o(h)?
-8
Let t(p) = p**3 + 5*p**2 + p. Let i(g) = -g**2. Let u(q) = 2*i(q) + t(q). Let y = 10 + -13. What is u(y)?
-3
Let m = -2 + 3. Let r be (-6)/(-12)*(-16)/m. Let k = 3 + r. Let a(y) = y**2 + 5*y + 3. Give a(k).
3
Let c(a) = -5*a**3 - a - 1. Suppose 2*r - 3*r = -1. Suppose -2*z = 3 - r. Determine c(z).
5
Let z(l) = l + 4. Let m(j) = -3*j - 15. Let c(t) = -4*m(t) - 15*z(t). Let p be c(-1). Let b(d) = -d**3 + 2*d**p - 4 - 1 + 7*d - 6*d**2 - d. Determine b(5).
0
Let v(g) = -3*g**3 - 20*g**2 - 9*g + 5. Let d(o) = 2*o**3 + 13*o**2 + 6*o - 3. Let c(w) = 8*d(w) + 5*v(w). Let r = -11 - -8. What is c(r)?
1
Let x(p) = -1 + p**2 - 3 - 3. Give x(5).
18
Let x(f) = 6*f**2 - 20*f + 18. Let r(m) = 2*m**2 - 7*m + 6. Let g(t) = -11*r(t) + 4*x(t). Let l(h) be the first derivative of g(h). Calculate l(4).
13
Let t(n) = -1 - 1 + n + 0*n + 5. Let l be (0 - -3)*(-10)/6. Calculate t(l).
-2
Let m(d) be the third derivative of -1/24*d**4 + 0*d + 0 + 1/2*d**3 - 6*d**2. Give m(-3).
6
Let i(j) = j**2 + 7*j + 6. Suppose q + 4*a + 14 = 0, -3*a - 8 = q - 2*a. Calculate i(q).
0
Let y(k) = -k**3 - k**2 - k + 9. Let s be y(0). Let l(b) = 5*b - 7*b**2 + 6 + b**2 - s*b**2 + 7*b**2 + b**3. Calculate l(7).
-8
Let n(s) be the first derivative of s**3/3 - s**2 + 2*s - 3. Let c be n(2). Let q(g) = -g**2 + 4*g. What is q(c)?
4
Let l(q) = -q**3 - 5*q**2 - q + 4. Suppose 4*s = -4*o - 24, -3*o + 4 + 2 = -3*s. What is l(s)?
-8
Let l(d) = -2*d**2 + 6 - 3*d - 5 + 0*d + 3*d**2. Give l(1).
-1
Let f(k) = k**3 + 3*k**2 - 6*k - 3. Let r be (3 - 1)*1 + 2. Suppose 8*d - 4*d = -4*u + r, d - u + 9 = 0. What is f(d)?
5
Let x(u) = -6*u - 4. Let q(l) = -l - 2. Let r(k) = -3*q(k) + x(k). Determine r(7).
-19
Let z(b) = -b**2 + 4*b - 4. Let i be z(4). Let g(f) = -f - 1. Calculate g(i).
3
Suppose -2*r + 3 = 3*f + 4, 6 = 3*r + 3*f. Suppose 3*k = -4*v - r, 2*v - 5*k = 27 + 2. Let h(s) = -2 - 2*s**3 + s**2 - 4*s - 5*s**v + s**3. Give h(-3).
1
Suppose -2*x + 0 = -6. Let z(c) be the third derivative of -1/24*c**4 + 0 + 0*c - c**2 + 0*c**3 + 1/60*c**5. Calculate z(x).
6
Let g(v) = v**2 + 6*v - 1. Let h be (-176)/(-28) - (-4)/(-14). Let m be (4/h)/((-2)/15). Calculate g(m).
-6
Let o(j) = -4*j + 1. Let a(u) = -3*u + 1. Let b(z) = -2*a(z) + 3*o(z). Give b(-1).
7
Let v(g) = 37*g - g**3 - 37*g - 6*g**2 - 1. Calculate v(-6).
-1
Let y(v) = v**2 + 8*v + 5. Let i be y(-6). Let h(m) = -5*m**2 - 14*m. Let n(f) = 4 - 4*f - f - 6*f**2 - 10*f - 5. Let t(z) = i*h(z) + 6*n(z). Calculate t(5).
9
Let s(h) = -8 - 2 + 2 + 2 - 3*h. Let p be 12*-2*(4/4)/4. Give s(p).
12
Let x(q) = -4*q. Let s(i) = -7*i + 1. Let u(t) = -3*s(t) + 5*x(t). Give u(0).
-3
Let o(d) be the first derivative of d**7/840 - d**6/45 + 7*d**5/120 + d**4/12 - 5*d**3/3 + 6. Let g(q) be the third derivative of o(q). What is g(7)?
2
Let r be 2/4*(0 - 0). Let m be (-10)/(-6) - 6/9. Let a(c) = 5*c - 4*c - m - 1. Calculate a(r).
-2
Let m(a) be the second derivative of -a**5/20 - 5*a**4/12 - a**3/2 + a**2 - a. Suppose 24*v + 36 = -36. Determine m(v).
-7
Let f(j) = j**3 - 6*j**2 - j + 8. Let d be 16/20 + (-3)/(-15). Let v be (-1 - -4) + (d - -2). Give f(v).
2
Let x(r) = 0*r**2 - 5*r**2 - 5*r - 6 + 2*r**2. Let h(z) = z**2. Let f(c) = 4*h(c) + x(c). Give f(5).
-6
Let v(t) = -9*t**2 - 5*t - 1. Let j(c) = -9*c**2 - 6*c - 1. Let k(g) = 3*j(g) - 4*v(g). What is k(-1)?
8
Let n(r) be the second derivative of r**5/20 - 7*r**4/12 - r**3/3 + 3*r**2 - 3*r. What is n(7)?
-8
Suppose r - 3 = 3*q - 8, -4*q + 2 = -2*r. Let p(k) = 3 - 7 - 11*k**2 + 17*k**2 - 6*k - 5*k**2. Determine p(r).
3
Let b be 3/(-2) + (-56)/16. Let v(w) = -w**3 - 6*w**2 - 4*w + 4. What is v(b)?
-1
Let k = -15 - -39. Let y = 11 - k. Let v be 4/10 + y/(-5). Let i(r) = -r**2 + 3*r - 1. Determine i(v).
-1
Let y(m) = -3*m + 2 + m - 1. Determine y(6).
-11
Let a(q) = -q**3 + q**2 + q + 1. Let o(z) = -2*z**3 + 5*z**2 + 4*z + 3. Let k(r) = 3*a(r) - o(r). Let f be (-8)/((-4)/2) + -6. Calculate k(f).
2
Let o(x) = -6*x + 5. Let v(j) = j - 1. Let n(y) = -o(y) - 4*v(y). Suppose -5*u - 26 = 2*a + 2*a, 4*u = 5*a + 12. What is n(a)?
-9
Let w(r) = 4*r. Let x = -1 + 3. Suppose -k + 5 = -4*o, x = o + 4. Let b be 3*k/9*1. What is w(b)?
-4
Let m(b) = 2*b + 6. Let z = -15 + 9. What is m(z)?
-6
Let y(p) = -3*p**2 + 11*p + 2. Let z(a) = -5*a**2 + 21*a + 5. Let m(c) = -7*y(c) + 4*z(c). Determine m(-5).
-4
Let i(r) = 2*r + 11. Let p be i(-6). Let s(h) = 2*h. Determine s(p).
-2
Suppose 0 = -t + 3 + 4. Let z(x) = -t + 2 + 2*x - x. Suppose -6*y + 25 = -2*y - 3*u, 5*u + 35 = 5*y. What is z(y)?
-1
Suppose 3*n + 2*u = 24, 4*u - 9 = u. Let w(f) = -f - f + 0*f + n*f**2 + f**3 + 3 + 3*f. Determine w(-6).
-3
Let s(y) be the first derivative of 1/4*y**4 + 2 - 3/2*y**2 - 3*y - 1/3*y**3. Give s(3).
6
Let l(s) = 4*s - 3. Let i = -5 + 9. Suppose 3*x - i = x. Calculate l(x).
5
Suppose 3*f + 2*u - 33 + 3 = 0, -2*u = 4*f - 42. Let g(z) = -z**3 + z**2 + f - 12. What is g(2)?
-4
Let v(z) be the third derivative of -z**6/120 + 7*z**5/60 - 7*z**4/24 + 5*z**3/6 + z**2. Let u be -1 - (3 + (-30)/3). Give v(u).
-1
Let c(o) = o**3 + o - 3. Let j(k) be the third derivative of -k**6/120 - k**4/24 + 2*k**3/3 - 2*k**2. Let q(t) = -5*c(t) - 4*j(t). What is q(0)?
-1
Let z(n) = -14*n - 6 + 2 + 18*n + 5. What is z(1)?
5
Let a = -18 - -22. Suppose 0 = 3*b - a*b. Let r(t) = 2 - t + 2*t**2 - 3*t**2 + 2*t**2. Calculate r(b).
2
Let a(y) = 2*y - 3. Let w = 8 - 4. Determine a(w).
5
Let s(g) = -g**2 - 4*g + 5. Let t be ((-6)/4)/(6/(-8)). Suppose -10 = -t*o - 4*c, 0 = 3*o - c - 2*c - 33. Suppose -o = 3*b + 3. Give s(b).
5
Let k(g) = 23*g + 1. Let j = -19 + 20. What is k(j)?
24
Suppose -n + 5 = -2*n. Let q(p) = p**2 - 4*p + 7 + 7*p + 4*p. What is q(n)?
-3
Let l(g)